common factor of k and w?
8
Let h = 690 + -1179. Let r = -474 - h. What is the greatest common divisor of r and 30?
15
Let a be ((-14)/(-21) + -3)*1*-279. Calculate the greatest common factor of 168 and a.
21
Suppose 46*x - 40*x = 168. Suppose -3*f - 6 - 9 = 0, -3*s - f = -751. Calculate the greatest common divisor of s and x.
28
Let d be 4 - 0/(-1 - 0). Suppose 0 = 4*j + n - 436, -d*j - 7*n + 2*n + 420 = 0. Let f be (44/10)/((-3)/(-15)). What is the greatest common divisor of f and j?
22
Let w(d) = -5 + 13*d + 7*d**2 - 2 - 1 - 8*d**2. Let g be w(9). Suppose -5*k = 4*c - 483 - 513, -k - c = -200. Calculate the greatest common factor of k and g.
28
Let q be (-122)/(-6) + 4/6. Let a(c) = -260*c + 2621. Let z be a(10). Calculate the greatest common factor of z and q.
21
Let h(q) = q**2 - 155*q + 1900. Let c be h(13). What is the highest common factor of 522 and c?
18
Let l be 1/((-1)/(-6)) + 1. Suppose 576 = l*v - 453. Suppose -i = 4*c - 82, 0 = 5*c - 3*i - 61 - 50. Calculate the highest common divisor of c and v.
21
Let a(p) = p**2 + 14*p + 1. Let n = -41 - -58. Suppose 3*i + 31 + n = 0. Let o be a(i). Calculate the highest common factor of 11 and o.
11
Let s be (-6)/1 - (1326/(-13) + -14). What is the highest common divisor of 352 and s?
22
Let j(h) = 4*h + 195 + 6*h**2 - 16*h + 0*h**2 - 225. Let q be j(-5). Calculate the highest common divisor of q and 420.
60
Suppose 1189*f = 1224*f - 980. Calculate the greatest common divisor of f and 3983.
7
Let s be (0 - -4662) + -4 + 20 + -8. What is the greatest common divisor of 80 and s?
10
Let r(d) be the first derivative of 5*d**2 + 31*d + 49. Let b be r(6). Calculate the highest common factor of b and 21.
7
Let a = -21 + 24. Suppose -a*q - 123 = -135. Calculate the highest common factor of 164 and q.
4
Let s(b) = -19 + 14*b - 18 + 42*b - 74*b - 7. Let j be -5 + 0 + -1 + 2. Let c be s(j). Calculate the greatest common factor of c and 28.
28
Suppose -50*g + 1024 = -g - 17*g. What is the greatest common divisor of 18464 and g?
32
Let o(f) = -f**3 + 13*f**2 + 15*f - 10. Let q be o(14). Let p be 1228/q + (-12 - -17). What is the highest common factor of p and 24?
24
Let r = -10228 + 10926. Calculate the greatest common divisor of 1 and r.
1
Let s = -119 + 119. Suppose -2*u = s, 3*n = 3*u + 36 - 3. Let t be (-44)/((1 + 0)/(-2)). Calculate the greatest common divisor of t and n.
11
Let j(h) = -125*h - 389. Let a be j(-7). What is the highest common divisor of a and 54?
54
Let a be 11/(-2) + (-26)/(-52). Let c be 35 - a/(-10)*-2. Calculate the greatest common factor of c and 4.
4
Let z(g) be the first derivative of g**3/3 - 9*g**2/2 + 14*g - 21. Let q be z(6). Let b be (-5)/(-10) + -2*191/q. What is the highest common factor of b and 24?
24
Let y = -53 - 14. Suppose 0 = 6*n + n - 595. Let x = n + y. Calculate the highest common factor of x and 48.
6
Let x be 4/(-18) - 764/(-36). Suppose -2*j + 2 = 0, 0 = -5*k - 23*j + 28*j + 415. Calculate the greatest common divisor of x and k.
21
Let m(b) = -b**2 + 22*b + 2. Let c be m(22). Suppose c*w = 45 + 39. Calculate the greatest common divisor of 98 and w.
14
Let d = -6129 + 6175. What is the highest common factor of 12 and d?
2
Suppose 15*p = -3*q + 138, -3*q = -8*q - 20. What is the highest common divisor of 155 and p?
5
Let q(h) = 3*h**2. Let w be q(-1). Let i(v) = 47*v**3 - 3*v + 1. Let j be i(1). Suppose j = -2*p + 17*p. Calculate the highest common factor of p and w.
3
Suppose 5*a - 3095 = 4*m, -52*a + 58*a + 5*m = 3665. Calculate the highest common divisor of 255 and a.
15
Let n(o) = -3*o - 93. Let d be n(22). Let v = -141 - d. Calculate the highest common factor of 90 and v.
18
Suppose -15*l + 2*l = -11310. Suppose -7*v = -13*v + l. Calculate the greatest common divisor of 29 and v.
29
Let c be 2/6*0 - (-12)/6. Suppose 4 = 2*t - c*n, t + 4*n - 10 = 7. What is the highest common divisor of 2 and t?
1
Let v(b) = b**3 + 8*b**2 + 8*b + 13. Let k be (-224)/48*(-6)/(-4). Let a be v(k). Suppose -q - 22 + 24 = 0. What is the highest common factor of a and q?
2
Suppose 2*a = 10*a - 1128. Suppose 179 = -32*p + 1683. What is the greatest common factor of a and p?
47
Suppose -5*o + 63 = 75*a - 72*a, 2*a + 4*o - 46 = 0. What is the highest common divisor of a and 10417?
11
Let y be 22642/(-8) - (-4)/16. Let n be 2/6 + y/(-15). Let m = 339 - 318. What is the greatest common factor of m and n?
21
Suppose 112*o - 288*o = -454784. Calculate the highest common factor of 68 and o.
68
Let w be ((-6627)/(-282))/((-27)/(-12) + -2). What is the greatest common divisor of w and 282?
94
Let b(k) = k**3 + 36*k**2 + 61*k - 198. Let s be b(-34). Let u(n) = n**2 + 3*n - 8. Let f be u(-11). Calculate the greatest common factor of f and s.
40
Let h = -176 - -178. Suppose -h*y - 150 = -u - 5, 4*u - 530 = -2*y. What is the highest common divisor of 5 and u?
5
Let c = -9670 - -13784. What is the greatest common factor of 34 and c?
34
Let m be 100/8 + 3/(-6). Suppose m*x = 20*x - 920. Let g = x - 67. Calculate the highest common divisor of 24 and g.
24
Suppose 0 = -n + 11 - 15. Let m be 3*4*n/12. Let v be (-196 - m/(-1))/(-1). Calculate the highest common factor of v and 25.
25
Let i be 318*-3*(-10)/45. Suppose i = 5*v - 1723. Calculate the greatest common divisor of v and 9.
9
Let b be (-2)/2 - (847 + 16). Let r be 42/(-70) - (-3 + b/15). Calculate the greatest common factor of 132 and r.
12
Let j(t) = 8*t**2 - 137*t - 1125. Let h be j(-8). Calculate the greatest common divisor of 336 and h.
21
Suppose 2*l = 213 + 677. Calculate the greatest common factor of l and 10.
5
Let n be (23 - 2) + ((-26)/(-39))/(4/18). Calculate the highest common factor of n and 1176.
24
Let r(n) = -n - 31. Let f be r(-11). Let s be -4 - 0 - f/2. Suppose -3*k = k - 5*m - 249, 0 = 2*m - s. Calculate the highest common divisor of k and 165.
33
Let l(i) = 44*i**3 - 2*i**2 + 11*i - 17. Let b be l(2). Suppose b = 37*w - 21. Calculate the highest common divisor of 25 and w.
5
Let n = -121189 + 121210. Suppose 565 = 2*m + 3*r + 109, 5*r = 4*m - 934. What is the highest common divisor of n and m?
21
Suppose -112*i + 811 + 533 = 0. What is the highest common divisor of i and 7728?
12
Suppose -5*l = 21*l + 156. Let t be (-4566)/(36/l) + 7. What is the highest common factor of 12 and t?
12
Let a(z) be the first derivative of -z**4/4 - 25*z**3/3 + 14*z**2 + 48*z - 5. Let p be a(-26). Let q = p + 10. What is the highest common divisor of q and 18?
6
Suppose 4*c = -5*t + 130 + 354, 512 = 5*t - 3*c. Let i(z) = -39*z**3 + z**2 + 2*z + 2. Let v be i(-1). Calculate the highest common factor of v and t.
20
Let m(f) = 3*f**2 + 8*f - 16. Suppose -25*p - 2 = -26*p. Let c be m(p). What is the greatest common divisor of c and 228?
12
Suppose -185 + 1 = g. Let k be (-6*(-1)/4)/(4/g). Let z be 16/(-6)*(k/6 + 4). What is the greatest common divisor of 15 and z?
5
Suppose 4*n - 169 = -7*n + 10*n. What is the greatest common divisor of n and 1313?
13
Let j be (14/6)/(2/6). Let t(o) be the second derivative of -7*o**3/6 + 7*o**2 + 8*o. Let w be t(-2). What is the greatest common factor of j and w?
7
Let d be (2 - 1)*0*12/(-24). Let p be 4/(-6) + ((-3005)/15 - d). Let g = -101 - p. What is the greatest common factor of g and 25?
25
Suppose 0*p + 55 = -5*p. Let j(q) = q**2 + 14*q + 65. Let k be j(p). What is the highest common divisor of 24 and k?
8
Let p be 195/26 - (-12)/8. Suppose 0 = 5*q - 18 - 27. What is the highest common factor of q and p?
9
Let b = 20233 - 16453. Calculate the greatest common factor of 21 and b.
21
Let r(a) = 24*a - 395. Let k be r(34). Calculate the greatest common factor of 1 and k.
1
Suppose -20*t + 1365 = t. Suppose -4 = -4*j + 2*j. Let o be ((-10)/(-4) - j)*26. Calculate the highest common divisor of o and t.
13
Let j = 910 + -885. Let p(g) = -5*g + 18. Let n(z) = -6*z + 19. Let r(k) = 3*n(k) - 4*p(k). Let i be r(10). What is the highest common divisor of j and i?
5
Let g(a) = 19*a**2 + 2*a - 3. Let o be 4/3 + (-2)/(-3). Let d be g(o). Suppose -72 = 8*p, -26 = 4*j - p - 123. Calculate the highest common factor of d and j.
11
Let i = 72 - 69. Let h be (-2)/((i/(-2))/((-6)/(-8))). Suppose 4*o - h = 31. Calculate the greatest common factor of 72 and o.
8
Suppose 3*x - 4*u = -228, -4*u - 345 = 5*x + u. Let m be 4*